14251400531 a prime number?
True
Is 23485271207 a prime number?
False
Is 1923972527 a composite number?
False
Is 34748089037 a prime number?
True
Is 480746001 a prime number?
False
Is 369276664847 a composite number?
False
Is 45938303923 a prime number?
False
Is 98863813673 prime?
False
Is 74065051 a prime number?
True
Is 177956291 prime?
True
Is 246495923 a prime number?
False
Is 12485722603 a composite number?
True
Is 1338417727 composite?
False
Is 91198199 prime?
False
Is 2744006059 prime?
False
Is 109675759273 prime?
True
Is 180078543523 a composite number?
True
Is 11529358801 composite?
False
Is 1490351717 a prime number?
False
Is 9176177441 prime?
True
Is 4580079853 composite?
True
Is 55406144921 prime?
False
Is 5986944011 a composite number?
True
Is 1310839441 prime?
False
Is 227570283455 composite?
True
Is 4922947067 a composite number?
False
Is 19457958035 composite?
True
Is 9625398763 a prime number?
True
Is 118234174217 composite?
False
Is 81764621 composite?
False
Is 10276848479 a prime number?
True
Is 467479471 a composite number?
False
Is 9880981003 prime?
True
Is 18993769031 composite?
True
Is 12494183069 composite?
True
Is 167553301 a prime number?
True
Is 1432653893 a composite number?
True
Is 7335448291 prime?
True
Is 84494919061 a prime number?
False
Is 25645853 prime?
False
Is 1646705131 composite?
True
Is 302531701 a composite number?
True
Is 2450036227 composite?
False
Is 931055357 a prime number?
True
Is 1034306531 prime?
True
Is 1847420737 prime?
True
Is 19049917 composite?
True
Is 2908747523 composite?
True
Is 31283942797 prime?
False
Is 1075180699 composite?
False
Is 18768982229 a composite number?
False
Is 23090370287 prime?
True
Is 4786767407 prime?
True
Is 7741510477 composite?
False
Is 2018273 a prime number?
False
Is 9206649893 composite?
True
Is 846278049 composite?
True
Is 45729347353 prime?
False
Is 2015456459 composite?
False
Is 1767094757 a composite number?
False
Is 13492358513 a composite number?
True
Is 1379095001 a prime number?
True
Is 10251100501 a composite number?
True
Is 8879446507 a composite number?
True
Is 1639499801 composite?
True
Is 4292323367 prime?
True
Is 1192027583 a prime number?
False
Is 33279250057 prime?
True
Is 802166753 a prime number?
True
Is 34469549 a composite number?
True
Is 1439317357 a composite number?
True
Is 364471 a composite number?
False
Is 5665269037 a prime number?
True
Is 494236141 composite?
True
Is 6266198083 composite?
False
Is 1458100601 prime?
True
Is 27644374727 composite?
True
Is 25186399627 composite?
True
Is 3389792827 a composite number?
True
Is 1441980959 a composite number?
False
Is 3316127713 composite?
False
Is 147437388157 composite?
True
Is 35354863877 a prime number?
True
Is 1820544163 a prime number?
False
Is 101930741 a composite number?
True
Is 3033207553 prime?
True
Is 17640595151 composite?
False
Is 54413497 a prime number?
True
Is 655952159 composite?
False
Is 405673519 a prime number?
True
Is 1196078458 prime?
False
Is 105393951809 composite?
False
Is 33648908119 a composite number?
True
Is 98624896063 composite?
True
Is 706182254 composite?
True
Is 2544225979 prime?
True
Is 2770823213 a prime number?
True
Is 1280235301 prime?
True
Is 1630349837 a composite number?
True
Is 130948582429 prime?
False
Is 115170948829 prime?
True
Is 471876401 composite?
True
Is 114448339 a prime number?
False
Is 3040309619 a composite number?
True
Is 1241504449 composite?
True
Is 6006929963 a composite number?
False
Is 2515603357 prime?
False
Is 1357562861 composite?
True
Is 9442139117 composite?
True
Is 10300697779 a composite number?
False
Is 576021977 a prime number?
False
Is 6679709147 a composite number?
True
Is 44265862159 composite?
True
Is 382408661 a prime number?
True
Is 6998836583 a composite number?
False
Is 82536593393 composite?
True
Is 4583876749 composite?
True
Is 4726274107 prime?
True
Is 1364015431 composite?
True
Is 385062487 a prime number?
True
Is 1126618117 a composite number?
False
Is 2087333023 a prime number?
False
Is 33333916709 composite?
True
Is 20061793723 a composite number?
True
Is 6314944609 a composite number?
False
Is 59504227 a composite number?
False
Is 2264057557 a prime number?
False
Is 187145053 prime?
False
Is 8249488171 prime?
False
Is 2074315379 prime?
False
Is 6454091311 prime?
True
Is 11364001603 composite?
False
Is 143996081 prime?
True
Is 91901225789 a prime number?
False
Is 23583749387 prime?
False
Is 495006851 prime?
False
Is 129518675281 a composite number?
True
Is 485047879 a prime number?
True
Is 1002369541 a composite number?
True
Is 1019396863 a composite number?
True
Is 2889614711 composite?
False
Is 2124867617 prime?
True
Is 3810112321 a composite number?
False
Is 834474649 composite?
True
Is 7606342129 composite?
False
Is 6321529163 composite?
True
Is 433677499 a composite number?
True
Is 1253272315 composite?
True
Is 2221587577 a prime number?
False
Is 2045632609 a composite number?
False
Is 33396671563 a prime number?
True
Is 38190509 prime?
False
Is 1047602833 a prime number?
True
Is 3622958371 a prime number?
False
Is 3803656511 composite?
False
Is 254397838 prime?
False
Is 1272235 a composite number?
True
Is 20978475773 prime?
True
Is 4194177199 a composite number?
False
Is 2642762791 prime?
False
Is 38511142061 a composite number?
True
Is 1931406859 composite?
False
Is 10769622343 prime?
True
Is 6976660849 composite?
False
Is 63063753769 prime?
False
Is 5101891163 a composite number?
True
Is 65618691563 prime?
True
Is 116123377 prime?
True
Is 2107547087 a composite number?
False
Is 19761804637 a composite number?
True
Is 55103516123 a prime number?
True
Is 164997519853 a composite number?
True
Is 27068791 composite?
True
Is 21459900601 prime?
True
Is 6283723 prime?
False
Is 2189729741 composite?
False
Is 117646941 a prime number?
False
Is 3984424229 composite?
True
Is 28125209771 prime?
True
Is 81821939 composite?
True
Is 15915229151 prime?
True
Is 9986773 prime?
False
Is 63044254346 a composite number?
True
Is 21856659959 prime?
True
Is 5197470479 composite?
False
Is 438636557 a composite number?
False
Is 3153778786 composite?
True
Is 44979335317 a composite number?
True
Is 6489903307 composite?
True
Is 45722324733 composite?
True
Is 1458996157 composite?
False
Is 16271711213 a composite number?
False
Is 510071249 prime?
False
Is 6420566297 a prime number?
True
Is 301702603 a composite number?
False
Is 18695099701 prime?
False
Is 178767859 composite?
True
Is 156229127 prime?
False
Is 11372970289 a composite number?
False
Is 4168580027 a prime number?
True
Is 255525379 composite?
True
Is 1454713079 prime?
False
Is 10416451121 prime?
False
Is 55891204309 prime?
False
Is 140809493323 prime?
True
Is 38601905569 a prime number?
False
Is 31854003499 a composite number?
False
Is 121483027 a prime number?
True
Is 166187209 prime?
False
Is 5449708427 composite?
False
Is 167740781959 composite?
True
Is 5074256293 prime?
False
Is 366345505 a prime number?
False
Is 217191229 a prime number?
False
Is 3625520051 a prime number?
True
Is 1937190131 a composite number?
False
Is 44304059939 prime?
False
Is 15785949293 prime?
True
Is 32325807083 prime?
False
Is 314059555 prime?
False
Is 711613547 a prime number?
False
Is 83858563 composite?
False
Is 991544173 prime?
True
Is 313164797 a composite number?
True
Is 15047552726 prime?
False
Is 6304130681 prime?
False
Is 20486961259 composite?
False
Is 50359542979 composite?
False
Is 7118238221 prime?
False
Is 29189549 a composite number?
True
Is 20046966131 a composite number?
False
Is 26051449 prime?
True
Is 699041143 a prime number?
False
Is 8346229189 a composite number?
True
Is 11781558083 a composite number?
True
Is 3384093991 prime?
True
Is 1788378659 prime?
True
Is 2136651883 prime?
False
Is 18099562181 a prime number?
False
Is 35293454341 a composite number?
False
Is 649731827 prime?
True
Is 51027338429 a prime number?
False
Is 2035338401 a prime number?
False
Is 13956085687 a prime number?
False
Is 7216034729 a composite number?
True
Is 1723771279 composite?
False
Is 1740263887 a composite number?
False
Is 213314029187 a prime number?
False
Is 7290714133 a composite number?
True
Is 7088990983 prime?
True
Is 54688597 a prime number?
True
Is 79899709 a prime number